(-6)/(-8)*(x + 22). What is the highest common divisor of k and 9?
9
Suppose -6*n + 38 = -4*n + 5*d, -10 = -5*d. What is the highest common divisor of n and 63?
7
Let v(s) be the first derivative of 2*s**2 + 8*s + 1/4*s**4 + 7/3*s**3 + 1. Let a be v(-6). What is the greatest common factor of a and 220?
20
Suppose a - 51 = -i, 4*a + 189 + 39 = 4*i. Let x be 482/6 + (-18)/i. Calculate the highest common divisor of 10 and x.
10
Let i(h) = -h**2 - 9*h - 2. Suppose 0 = 2*w - 10 - 90. Let v be -5*2*20/w. Let s be i(v). Calculate the highest common factor of s and 90.
18
Let p(f) = -4*f + 18*f - 3*f**3 + 12*f**2 - 6 + 2*f**3. Let z be p(13). What is the highest common factor of z and 7?
7
Let l = -3 - -9. Let w be (-5 + 1)/4*l. Let s(k) = -k**3 - 6*k**2 - 3*k - 6. Let x be s(w). What is the highest common divisor of 84 and x?
12
Let z be 858/15 - 6/30. Suppose -z = o - 2*o. Calculate the highest common factor of 38 and o.
19
Let v = -64 - -66. Suppose 0 = -4*g - 2*y - y + 193, -v*g - 5*y = -79. What is the greatest common divisor of 4 and g?
4
Let r = -654 - -711. What is the greatest common factor of r and 18?
3
Suppose 9*g = -g - 20. Let c be g/8 + 244/16. Calculate the greatest common divisor of 45 and c.
15
Suppose 6*f = f - 305. Let b = -37 - f. Suppose -29*w = -14*w - 240. Calculate the greatest common factor of w and b.
8
Let b be 2/8 + 7221/348. What is the greatest common divisor of 28 and b?
7
Let z(a) = -8*a + 73. Let m be z(8). Calculate the highest common divisor of m and 171.
9
Let y be 88/110 + (-376)/(-5). What is the highest common divisor of y and 551?
19
Suppose -5*l + 697 + 823 = 0. Calculate the greatest common factor of l and 64.
16
Let x be (2 - 4) + 1 + 5. Suppose x*p - 4*s - 12 = -0*p, 0 = 2*p - 4*s - 10. Let l = -6 + 7. Calculate the greatest common factor of p and l.
1
Let z(r) = -2*r**3 + 2*r**2 - 25*r - 7. Let f be z(-7). Suppose -7*o - 7*o = -f. Calculate the highest common factor of 17 and o.
17
Let c be -2*((-4 - 57/6) + 3). Suppose 0 = -3*j - 3*n + 16 - 55, 5*n = -25. Let q be ((-28)/j)/(2/132). Calculate the highest common factor of q and c.
21
Let t(c) = 5*c**3 - 9*c**2 - 3*c + 1. Let d be t(4). Let r be (-1)/4 + d/20. Suppose -5*g = -8 - 32. What is the greatest common divisor of g and r?
8
Let r = 39 + 28. Let a = r + -65. Let c be (5 - -1) + -2*1. What is the greatest common factor of a and c?
2
Let f(l) be the third derivative of l**6/120 - l**5/10 + l**4/8 + 11*l**3/6 - 43*l**2. Let h be f(5). Calculate the highest common factor of h and 1.
1
Suppose 0 = 33*o - 36*o + 648. Let r(i) = -2*i**3 + 4*i**2 + 5*i + 2. Let l be r(-2). Calculate the highest common divisor of o and l.
24
Let p = 101 + -95. Suppose 5*h = g + h + p, -24 = -2*g - h. Calculate the highest common divisor of g and 40.
10
Let l = 10 - 7. Suppose 0 = v - l*v + 686. Suppose v + 157 = 5*y. What is the highest common divisor of 20 and y?
20
Let d(l) = -l**3 + 6*l**2 + 22*l - 8. Let m be d(8). Calculate the greatest common divisor of 70 and m.
10
Let z(w) = -w**2 - 4*w + 4. Let k be z(-3). Let b(v) = v**3 - 3*v**2 - 2. Let o be b(4). What is the highest common factor of k and o?
7
Let x(n) = -n + 7. Suppose -d + 13 + 22 = -4*j, 4*d + 4 = 0. Let c = j - -7. Let g be x(c). What is the greatest common divisor of 81 and g?
9
Let f(m) = -m**2 + 21*m + 104. Let j be f(25). Calculate the highest common factor of 68 and j.
4
Suppose -y = 7*i - 2*i + 8, -i = 3*y - 18. Suppose 0 = -2*x + y*x - 30. Calculate the greatest common divisor of 66 and x.
6
Suppose -3*w + 71 = -5*r, 22*w - 93 = 18*w + 5*r. Calculate the greatest common divisor of w and 55.
11
Suppose 3*i - 3*n = -3, n - 5*n + 2 = -2*i. Let r(w) = -w**2 + 3*w + 3. Let z be r(3). Let p be 3 + (1 - z) - i. Calculate the highest common factor of p and 8.
2
Suppose 0 = 4*b - 1335 - 1965. Calculate the greatest common factor of b and 75.
75
Let s(j) = j**3 - 3*j**2 - 9*j - 3. Let p be s(5). Let w be (30/120)/(p/24). Calculate the greatest common factor of 27 and w.
3
Let v(i) = -6*i + 16. Let q be v(-9). Calculate the greatest common factor of 77 and q.
7
Suppose -5*j - 35 = 4*o, -9 = 3*j - 2*o + 12. Let z be -8 - (-108)/14 - 1829/j. Calculate the greatest common factor of z and 9.
9
Suppose 625 = 9*q - 428. Let n be 6/(-9) - (-65)/3. Let v = 34 - n. What is the highest common divisor of v and q?
13
Let v be (0/(-8) + 42)/3. What is the greatest common divisor of v and 224?
14
Let d(i) = -i**3 + 9*i**2 - 4. Let k be d(9). Let n be ((-18)/k)/(2/4). Suppose -3*c - 4 + 58 = 0. Calculate the greatest common factor of c and n.
9
Let r = 54 - 48. What is the highest common factor of r and 258?
6
Suppose 0*v - 2*v = 5*h - 11, -h = -3*v - 26. Let c(d) = -44*d. Let p be c(v). Calculate the highest common divisor of p and 44.
44
Suppose -97*l = -109*l + 48. Suppose 0 = -n + 3*n - 88. What is the greatest common divisor of n and l?
4
Let x(a) = a**3 + 8*a**2 - 9*a + 2. Let c = -11 - -3. Let s be x(c). Let v(t) = 5*t**2 - 6*t + 10. Let k be v(3). What is the greatest common factor of k and s?
37
Let d = -5 + 7. Suppose w + 14 = 3*w - d*p, -p - 31 = -5*w. Suppose -2 = 2*b - 5*a - w, 52 = 5*b - 2*a. Calculate the highest common divisor of b and 30.
6
Suppose t - 20 = -18. Let a be (4 - 3)*10 + t + 1. Calculate the greatest common factor of 13 and a.
13
Let z = 61 - 13. What is the highest common factor of 1200 and z?
48
Let n be 140/77 + 4/22. Suppose -n*c + 6*b + 87 = b, 5*b = -3*c + 193. What is the highest common factor of c and 28?
28
Let m = -12 - -67. Let a be 336/70 - -3*3/45. What is the highest common divisor of m and a?
5
Suppose 611 = 3*k + t, -k + 1009 = 4*k + 4*t. Calculate the highest common factor of 41 and k.
41
Let y be 8/12 + 291/9 + -1. Suppose -4*t = -3*i - 90, -4*i + y = -3*t + 4*t. What is the highest common divisor of t and 8?
8
Suppose -10*s + 111 + 209 = 0. Suppose -w + 32 = w. Calculate the highest common factor of w and s.
16
Let x(f) = -f**3 - 19*f**2 + 77*f - 46. Let u be x(-23). What is the highest common factor of 13 and u?
13
Suppose 2*z = 2*i + 6*z - 32, 5*i = 3*z + 93. Suppose 145 = -4*b + 649. What is the highest common factor of b and i?
18
Let n(r) = r. Let t be n(-1). Let h be (-172)/(-8) - t/2. Suppose 32 = 5*l - 23. Calculate the highest common factor of l and h.
11
Suppose -q = -4 - 46. Calculate the greatest common divisor of 25 and q.
25
Suppose a = 3*f + 8 + 82, -2*a + 147 = 5*f. Suppose 0 = -60*i + 65*i - 90. What is the highest common divisor of a and i?
9
Let u(w) = w**2 - 5*w + 7. Let r be u(6). Calculate the highest common divisor of 2 and r.
1
Suppose 6*f - z - 26 = 4*f, -26 = -2*f + 4*z. Let j be 264/(-9)*75/(-10). Let p = j - 116. What is the highest common factor of p and f?
13
Let x(o) = -3*o**2 - 220*o - 68. Let w be x(-72). Calculate the highest common divisor of 264 and w.
44
Suppose 8*g - 2*j = 5*g - 22, 5*g = j - 32. Let f be (-13)/(((-2)/2)/(-2)). Let q be f/4*(g - -2). What is the greatest common factor of 65 and q?
13
Let b(p) = -27*p + 7. Suppose 3 = 3*l - 4*l. Let h be b(l). What is the greatest common divisor of 11 and h?
11
Let h be (45/20)/((-2)/(-480)). Calculate the highest common factor of 20 and h.
20
Let m(l) = 37*l**2 - 20*l - 19. Let s be m(-1). What is the highest common factor of 133 and s?
19
Let i = 367 - 158. Let p = 8168 + -8149. Calculate the highest common divisor of i and p.
19
Suppose -5*s - 2*c + 7 = -5, s + 2 = 4*c. Suppose s*k = -3*k + 90. Let m = k - 9. What is the greatest common factor of 6 and m?
3
Let b(d) = -2*d - 4. Let x be b(-3). Suppose 0*q = -q + 2*n + 25, -4*n = x*q - 34. Suppose 4*k + 133 = 385. What is the greatest common factor of k and q?
21
Let g(y) = y**3 - 15*y**2 - 15*y - 13. Let o be g(16). Suppose -4*l = -l + 5*x - 19, -l - 5*x + o = 0. Calculate the highest common divisor of 8 and l.
8
Suppose 21*s - 24*s = -9. Let m(w) = 3*w**2 - 2*w + 7. Let j be m(s). What is the highest common divisor of 196 and j?
28
Let t(b) be the second derivative of -b**3/3 - b**2/2 - b. Let y be t(-8). Let w = 774 - 609. Calculate the highest common divisor of y and w.
15
Suppose -197*n + 1280 = -187*n. Calculate the greatest common factor of 4 and n.
4
Let n = 189 + -89. Suppose -60 - n = -m. Let z(k) = -4*k - 4. Let h be z(-5). 